{"id":1694,"date":"2023-02-11T16:14:24","date_gmt":"2023-02-11T15:14:24","guid":{"rendered":"https:\/\/www.audioterapia.net\/subtest\/?page_id=1694"},"modified":"2025-03-31T10:23:44","modified_gmt":"2025-03-31T08:23:44","slug":"visione","status":"publish","type":"page","link":"https:\/\/www.audioterapia.net\/sublimen\/visione\/","title":{"rendered":"VISIONario: VISUALizzazione project"},"content":{"rendered":"<p class=\"rvps1\" style=\"text-align: center;\"><span class=\"rvts32\"><img loading=\"lazy\" decoding=\"async\" class=\"aligncenter\" title=\"VISIONE, VIDEO, AUDIOTERAPIA immaginativa e VISUALIZZAZIONE induttiva subliminale benefica ed evolutiva sublimen.com\" src=\"\/sublimen\/wp-content\/uploads\/visione_sublimen.jpg\" alt=\"VISIONE, VIDEO, AUDIOTERAPIA immaginativa e VISUALIZZAZIONE induttiva subliminale benefica ed evolutiva sublimen.com\" width=\"850\" height=\"268\" \/><\/span><\/p>\n<p>&nbsp;<\/p>\n<h2 class=\"rvps1\" style=\"text-align: center;\"><span class=\"rvts32\">VISIONE, VIDEO e AUDIOTERAPIA immaginativa<\/span><\/h2>\n<h4 class=\"rvps1\" style=\"text-align: center;\"><span class=\"rvts32\">VISUALIZZAZIONE induttiva, evocativa, subliminale, benefica, evolutiva e immaginazione attiva<\/span><\/h4>\n<div>\n<div>\u00a0<\/div>\n<div class=\"rvps1\" style=\"text-align: center;\"><span class=\"rvts64\">Project by Amadeux MultiMedia Network<\/span><\/div>\n<div>\u00a0<\/div>\n<div class=\"rvps1\" style=\"text-align: center;\"><span class=\"rvts64\">a cura di Marco Stefanelli, Ph.D.<\/span><\/div>\n<div>\u00a0<\/div>\n<\/div>\n<pre class=\"rvps1\" style=\"text-align: center;\"><span class=\"rvts72\" style=\"color: #800000; font-size: 14px;\">\"Ogni uomo considera i limiti della propria visione personale come i limiti del mondo.\"\r\nA. Schopenhauer<\/span><\/pre>\n<div>\n<div id=\"table_2\">\n<div class=\"rvps1\">\u00a0<\/div>\n<div class=\"rvps1\"><span class=\"rvts168\">Questa sezione \u00e8 relativa alla Visione subliminale benefica e positiva con &#8220;infrabeats&#8221;, battimenti visivi Vas e FRV, ASMR, Photic Stimolation e binaural\/monaural beats, pulsazioni e impulsi audio, battimenti sonori, brainwave entrainment ecc&#8230;<\/span><\/div>\n<div>\u00a0<\/div>\n<div>\n<div id=\"table_3\" style=\"background-color: #fff2bd; margin: auto; padding: 10px; border: solid; border-width: 1px; border-color: #800000;\">\n<div class=\"rvps1\" style=\"text-align: center;\"><span style=\"font-size: 32px; color: #800000;\">\u2248<\/span><\/div>\n<div class=\"rvps1\" style=\"text-align: center;\"><span class=\"rvts72\" style=\"color: #800000;\">In questa sezione e nei nostri video non sono e non saranno inseriti messaggi pubblicitari, promozionali o commerciali di tipo subliminale se non esplicitamente indicato!<\/span><\/div>\n<\/div>\n<div>\u00a0<\/div>\n<div>\u00a0<\/div>\n<div class=\"rvps0\">&#8220;Poich\u00e9 il sistema nervoso\u00a0<b>non distingue tra immaginazione e realt\u00e0 fisica<\/b>, le immagini di valore che riusciamo ad evocare e sulle quali impariamo a meditare, producono nella nostra persona quella stessa dimensione di valore. E nella misura in cui trasformiamo il nostro mondo interiore, possiamo acquisire forza, fiducia, coraggio e visione per trasformare e migliorare anche la realt\u00e0 esterna a noi.&#8221;<\/div>\n<div class=\"rvps0\"><span class=\"rvts64\">(Marco Ferrini)<\/span><\/div>\n<div>\u00a0<\/div>\n<div class=\"rvps1\" style=\"text-align: center;\">\u00a0<\/div>\n<div>\n<div class=\"rvps1\"><iframe loading=\"lazy\" src=\"https:\/\/www.youtube-nocookie.com\/embed\/videoseries?list=UUbPaR0UQ36qOkmWwVsaz0pQ\" width=\"100%\" height=\"480\" frameborder=\"0\" allowfullscreen=\"allowfullscreen\" data-mce-fragment=\"1\"><\/iframe><\/div>\n<p>&nbsp;<\/p>\n<\/div>\n<h4 class=\"rvps1\" style=\"text-align: center;\"><span class=\"rvts32\"><b>Stimolare il cervello tramite stimoli visivi<\/b><\/span><\/h4>\n<div class=\"rvps0\" style=\"text-align: center;\"><span class=\"rvts168\"><b>I colori sono i suoni divenuti visibili<\/b><\/span><span class=\"rvts168\">.<\/span><\/div>\n<div>\u00a0<\/div>\n<div class=\"rvps0\"><span class=\"rvts168\">Le loro frequenze, per\u00f2, non sono percepibili dal nostro orecchio. Per poterli percepire, la Natura ha creato un altro strumento: gli occhi. Indipendentemente dal fatto che ne siamo pi\u00f9 o meno consapevoli, i colori esercitano su di noi un effetto potentissimo attraverso le loro specifiche vibrazioni (lunghezze d&#8217;onda o frequenze).<\/span><\/div>\n<div class=\"rvps0\"><span class=\"rvts168\">I colori e le luci colorate hanno una grande influenza sulla vita di tutti gli esseri viventi. Tutto quanto ha un determinato colore e una vibrazione: le cose, le emozioni, i pensieri, gli stati d&#8217;animo ecc&#8230;<\/span><\/div>\n<div>\u00a0<\/div>\n<div class=\"rvps0\"><span class=\"rvts168\">Recenti scoperte hanno dimostrato grazie alla teoria dei biofotoni, che luce colorata a bassissima intensit\u00e0 viene emessa dalle cellule e costituisce un rapido mezzo di comunicazione infracellulare. E&#8217; possibile misurare questa mini energia emessa al nostro interno e si nota che se le cellule sono in uno stato di salute emettono un certo colore, mentre se sono in uno stato di disequilibrio emettono su bande pi\u00f9 scure.\u00a0<\/span><\/div>\n<div>\u00a0<\/div>\n<div class=\"rvps0\"><span class=\"rvts168\">Visto che l&#8217;intero organismo (come tutto l&#8217;Universo) \u00e8 vibrazione, energia elettromagnetica, allora se interferiamo mediante l&#8217;uso di luci colorate, abiti colorati, occhiali con lenti colorate, visione subliminale, ecc. possiamo riportare l&#8217;equilibrio l\u00e0 dove \u00e8 stato momentaneamente perso o indurre particolari stati.<\/span><\/div>\n<div>\u00a0<\/div>\n<div class=\"rvps1\"><a href=\"\/sublimen\/wp-content\/uploads\/LightMeasure_21.jpg\"><img loading=\"lazy\" decoding=\"async\" class=\"aligncenter\" title=\"LightMeasure-2\" src=\"\/sublimen\/wp-content\/uploads\/LightMeasure_21.jpg\" alt=\"\" width=\"726\" height=\"589\"><\/a><\/div>\n<div>\u00a0<\/div>\n<h4 class=\"rvps1\" style=\"text-align: center;\"><span class=\"rvts32\"><b>Frequenze dei colori<\/b><\/span><\/h4>\n<div>\u00a0<\/div>\n<div class=\"rvps0\"><span class=\"rvts168\">L&#8217;occhio umano riesce a percepire solo radiazioni comprese tra 4000 e 8000 \u00c5 (angstrom). Ogni fascia di lunghezza d&#8217;onda corrisponde a un colore ed ha una specifica azione terapeutica:<\/span><\/div>\n<div>\u00a0<\/div>\n<div class=\"rvps1\"><img loading=\"lazy\" decoding=\"async\" class=\"aligncenter\" title=\"megahead_1\" src=\"\/sublimen\/wp-content\/uploads\/megahead_1.gif\" alt=\"\" width=\"157\" height=\"149\"><\/div>\n<div>\u00a0<\/div>\n<div class=\"rvps1\" style=\"text-align: center;\"><span class=\"rvts168\"><b>ROSSO<\/b><\/span><span class=\"rvts168\">: 6200 \u00c5\u00a0 (angstrom) = (620 nanometri)<\/span><\/div>\n<div class=\"rvps1\" style=\"text-align: center;\"><span class=\"rvts168\"><b>ARANCIO<\/b><\/span><span class=\"rvts168\">: 5890 \u00c5\u00a0 (angstrom) = (589 nanometri)<\/span><\/div>\n<div class=\"rvps1\" style=\"text-align: center;\"><span class=\"rvts168\"><b>GIALLO<\/b><\/span><span class=\"rvts168\">: 5510 \u00c5\u00a0 (angstrom) = (551 nanometri)<\/span><\/div>\n<div class=\"rvps1\" style=\"text-align: center;\"><span class=\"rvts168\"><b>VERDE<\/b><\/span><span class=\"rvts168\">: 5120 \u00c5\u00a0 (angstrom) = (512 nanometri)<\/span><\/div>\n<div class=\"rvps1\" style=\"text-align: center;\"><span class=\"rvts168\"><b>BLU<\/b><\/span><span class=\"rvts168\">: 4750 \u00c5\u00a0 (angstrom) = (475 nanometri)<\/span><\/div>\n<div class=\"rvps1\" style=\"text-align: center;\"><span class=\"rvts168\"><b>INDACO<\/b><\/span><span class=\"rvts168\">: 4490 \u00c5\u00a0 (angstrom) = (449 nanometri)<\/span><\/div>\n<div class=\"rvps1\" style=\"text-align: center;\"><span class=\"rvts168\"><b>VIOLA<\/b><\/span><span class=\"rvts168\">: 4230 \u00c5\u00a0 (angstrom) = (423 nanometri)<\/span><\/div>\n<div>\u00a0<\/div>\n<div class=\"rvps1\" style=\"text-align: center;\"><span class=\"rvts8\">\u00c5 =\u00a0 (angstrom) unit\u00e0 di misura delle radiazioni, corrisponde a 1\/100.000 di millimetro.<\/span><\/div>\n<div>\u00a0<\/div>\n<div class=\"rvps1\"><img loading=\"lazy\" decoding=\"async\" class=\"aligncenter\" title=\"light-correspond-2\" src=\"\/sublimen\/wp-content\/uploads\/light_correspond_2_1.jpg\" alt=\"\" width=\"726\" height=\"569\"><\/div>\n<div>\u00a0<\/div>\n<div class=\"rvps0\"><span class=\"rvts168\">Al di sotto del viola troviamo l&#8217;<\/span><span class=\"rvts168\"><b>ultravioletto<\/b><\/span><span class=\"rvts168\">\u00a0e al di sopra del rosso l&#8217;<\/span><span class=\"rvts168\"><b>infrarosso<\/b><\/span><span class=\"rvts168\">.<\/span><\/div>\n<div>\u00a0<\/div>\n<div class=\"rvps0\"><span class=\"rvts168\">La quantit\u00e0 di energia di ciascun colore \u00e8 inversamente proporzionale alla lunghezza d&#8217;onda. Pi\u00f9 \u00e8 alta la lunghezza d&#8217;onda pi\u00f9 forte sar\u00e0 la penetrazione cutanea e minore la carica energetica.<\/span><\/div>\n<div class=\"rvps0\"><span class=\"rvts168\">Quindi il rosso \u00e8 il colore pi\u00f9 penetrante, poi ci sar\u00e0 l&#8217;arancio, il giallo, il verde, il blu, l&#8217;indaco e il viola. Quest&#8217;ultimo arriva a profondit\u00e0 limitate, ma infonde un&#8217;alta quantit\u00e0 di energia.<\/span><\/div>\n<div>\u00a0<\/div>\n<div class=\"rvps1\"><img loading=\"lazy\" decoding=\"async\" class=\"aligncenter\" title=\"Keybord-Color\" src=\"\/sublimen\/wp-content\/uploads\/Keybord_Color_1.jpg\" alt=\"\" width=\"726\" height=\"500\"><\/div>\n<div>\u00a0<\/div>\n<h4 class=\"rvps1\" style=\"text-align: center;\"><span class=\"rvts32\"><b>Correlazioni colore-frequenza in Hertz<\/b><\/span><\/h4>\n<div class=\"rvps1\" style=\"text-align: center;\"><span class=\"rvts168\">secondo le ricerche della dott.ssa Valerie V. Hunt<\/span><\/div>\n<div>\u00a0<\/div>\n<div class=\"rvps1\" style=\"text-align: center;\"><span class=\"rvts168\"><b>BLU<\/b><\/span><span class=\"rvts168\">: 250-275, pi\u00f9 1200 Hz<\/span><\/div>\n<div class=\"rvps1\" style=\"text-align: center;\"><span class=\"rvts168\"><b>VERDE<\/b><\/span><span class=\"rvts168\">: 250-475 Hz<\/span><\/div>\n<div class=\"rvps1\" style=\"text-align: center;\"><span class=\"rvts168\"><b>GIALLO<\/b><\/span><span class=\"rvts168\">: 500-700 Hz<\/span><\/div>\n<div class=\"rvps1\" style=\"text-align: center;\"><span class=\"rvts168\"><b>ARANCIO<\/b><\/span><span class=\"rvts168\">: 950-1050 Hz<\/span><\/div>\n<div class=\"rvps1\" style=\"text-align: center;\"><span class=\"rvts168\"><b>ROSSO<\/b><\/span><span class=\"rvts168\">: 1000-1200 Hz<\/span><\/div>\n<div class=\"rvps1\" style=\"text-align: center;\"><span class=\"rvts168\"><b>VIOLA<\/b><\/span><span class=\"rvts168\">: 1000-2000, pi\u00f9 300-400; 600-800 Hz<\/span><\/div>\n<div class=\"rvps1\" style=\"text-align: center;\"><span class=\"rvts168\"><b>BIANCO<\/b><\/span><span class=\"rvts168\">: 1100-2000 Hz<\/span><\/div>\n<div>\u00a0<\/div>\n<div class=\"rvps1\"><img loading=\"lazy\" decoding=\"async\" class=\"aligncenter\" title=\"earth-scales\" src=\"\/sublimen\/wp-content\/uploads\/earth_scales_1.jpg\" alt=\"\" width=\"726\" height=\"589\"><\/div>\n<div>\u00a0<\/div>\n<div class=\"rvps1\"><img loading=\"lazy\" decoding=\"async\" class=\"aligncenter\" title=\"tabella-chakra-visione1\" src=\"\/sublimen\/wp-content\/uploads\/tabella_chakra_visione1.png\" alt=\"\" width=\"726\" height=\"865\"><\/div>\n<div style=\"text-align: center;\">\u00a0<\/div>\n<div>\u00a0<\/div>\n<h4 class=\"rvps1\" style=\"text-align: center;\"><strong><a class=\"css_button bpr_0\" href=\"https:\/\/www.amadeux.it\/cromo\/\" target=\"_blank\" rel=\"noopener\">Approfondimento Cromoterapia\u00a0<i class=\"fa fa-chevron-right\"><\/i><\/a><\/strong><\/h4>\n<h4 class=\"rvps1\" style=\"text-align: center;\"><strong><a class=\"css_button bpr_1\" href=\"https:\/\/www.amadeux.net\/sublimen\/dossier\/visualizzazione-meditativa-psicodinamica.html\" target=\"_blank\" rel=\"noopener\">Visualizzazione Psicodinamica\u00a0<i class=\"fa fa-chevron-right\"><\/i><\/a><\/strong><\/h4>\n<p>&nbsp;<\/p>\n<h5><div id=\"ccchildpages-1\" class=\"ccchildpages ccflex  simple ccclearfix\"><ul class=\"ccchildpages_list ccclearfix\"><li class=\"page_item page-item-3438\"><a href=\"https:\/\/www.audioterapia.net\/sublimen\/visione\/asmr-video\/\">ASMR video<\/a><\/li>\n<li class=\"page_item page-item-3418\"><a href=\"https:\/\/www.audioterapia.net\/sublimen\/visione\/audioterapia-video\/\">AudioTerapia video<\/a><\/li>\n<li class=\"page_item page-item-3454\"><a href=\"https:\/\/www.audioterapia.net\/sublimen\/visione\/flashtrance\/\">FlashTrance<\/a><\/li>\n<li class=\"page_item page-item-3428\"><a href=\"https:\/\/www.audioterapia.net\/sublimen\/visione\/mantras-video\/\">Mantras video<\/a><\/li>\n<li class=\"page_item page-item-3254\"><a href=\"https:\/\/www.audioterapia.net\/sublimen\/visione\/recensioni-video\/\">Recensioni video<\/a><\/li>\n<li class=\"page_item page-item-3431\"><a href=\"https:\/\/www.audioterapia.net\/sublimen\/visione\/rife-video\/\">RIFE video<\/a><\/li>\n<li class=\"page_item page-item-3435\"><a href=\"https:\/\/www.audioterapia.net\/sublimen\/visione\/tinnitus-video\/\">Tinnitus video<\/a><\/li>\n<li class=\"page_item page-item-3424\"><a href=\"https:\/\/www.audioterapia.net\/sublimen\/visione\/tutorials-video\/\">Tutorials video<\/a><\/li>\n<li class=\"page_item page-item-3447\"><a href=\"https:\/\/www.audioterapia.net\/sublimen\/visione\/varie-video\/\">Varie video<\/a><\/li><\/ul><\/div><\/h5>\n<p>&nbsp;<\/p>\n<\/div>\n<\/div>\n<\/div>\n","protected":false},"excerpt":{"rendered":"<p>&nbsp; VISIONE, VIDEO e AUDIOTERAPIA immaginativa VISUALIZZAZIONE induttiva, evocativa, subliminale, benefica, evolutiva e immaginazione attiva \u00a0 Project by Amadeux MultiMedia Network \u00a0 a cura di Marco Stefanelli, Ph.D. \u00a0 &#8220;Ogni uomo considera i limiti della propria &hellip; <a class=\"kt-excerpt-readmore\" href=\"https:\/\/www.audioterapia.net\/sublimen\/visione\/\" aria-label=\"VISIONario: VISUALizzazione project\">Continua a leggere<\/a><\/p>\n","protected":false},"author":1,"featured_media":0,"parent":0,"menu_order":0,"comment_status":"closed","ping_status":"closed","template":"","meta":{"_lmt_disableupdate":"","_lmt_disable":"","footnotes":""},"categories":[117],"tags":[],"class_list":["post-1694","page","type-page","status-publish","hentry","category-visione"],"_links":{"self":[{"href":"https:\/\/www.audioterapia.net\/sublimen\/wp-json\/wp\/v2\/pages\/1694","targetHints":{"allow":["GET"]}}],"collection":[{"href":"https:\/\/www.audioterapia.net\/sublimen\/wp-json\/wp\/v2\/pages"}],"about":[{"href":"https:\/\/www.audioterapia.net\/sublimen\/wp-json\/wp\/v2\/types\/page"}],"author":[{"embeddable":true,"href":"https:\/\/www.audioterapia.net\/sublimen\/wp-json\/wp\/v2\/users\/1"}],"replies":[{"embeddable":true,"href":"https:\/\/www.audioterapia.net\/sublimen\/wp-json\/wp\/v2\/comments?post=1694"}],"version-history":[{"count":8,"href":"https:\/\/www.audioterapia.net\/sublimen\/wp-json\/wp\/v2\/pages\/1694\/revisions"}],"predecessor-version":[{"id":5056,"href":"https:\/\/www.audioterapia.net\/sublimen\/wp-json\/wp\/v2\/pages\/1694\/revisions\/5056"}],"wp:attachment":[{"href":"https:\/\/www.audioterapia.net\/sublimen\/wp-json\/wp\/v2\/media?parent=1694"}],"wp:term":[{"taxonomy":"category","embeddable":true,"href":"https:\/\/www.audioterapia.net\/sublimen\/wp-json\/wp\/v2\/categories?post=1694"},{"taxonomy":"post_tag","embeddable":true,"href":"https:\/\/www.audioterapia.net\/sublimen\/wp-json\/wp\/v2\/tags?post=1694"}],"curies":[{"name":"wp","href":"https:\/\/api.w.org\/{rel}","templated":true}]}}