{"id":3038,"date":"2024-03-18T13:19:22","date_gmt":"2024-03-18T12:19:22","guid":{"rendered":"https:\/\/www.audioterapia.net\/sub\/?page_id=3038"},"modified":"2024-07-03T15:53:06","modified_gmt":"2024-07-03T13:53:06","slug":"privacy-e-cookie","status":"publish","type":"page","link":"https:\/\/www.audioterapia.net\/sublimen\/info\/privacy-e-cookie\/","title":{"rendered":"Privacy e Cookie"},"content":{"rendered":"<h2 id=\"privacyDefaultHeading\" style=\"text-align: center;\"><strong>Informativa su Privacy e Cookie policy<\/strong><\/h2>\n<div id=\"privacyDefaultMainContent\" class=\"content\">\n<h4 style=\"text-align: center;\">Privacy GDPR europea e internazionale<\/h4>\n<h5 style=\"text-align: center;\">INFORMATIVA SUL TRATTAMENTO DEI DATI PERSONALI E DEI COOKIE<\/h5>\n<p>&nbsp;<\/p>\n<p>Amadeux Multimedia Network\u00a0segue le strette procedure richieste dalla Direttiva 95\/46\/UE come recepita dalla <a class=\"rvts4\" href=\"https:\/\/www.sublimen.com\/subliminale\/legge675.htm\" target=\"_blank\" rel=\"noopener noreferrer\">legge 31.12.1996, n. 675<\/a>, 196\/2003 e successive modifiche ed integrazioni sulla privacy italiana per il trattamento dei dati personali e, per la protezione dei consumatori in materia di contratti a distanza, dalla direttiva 97\/7\/CE come recepita dal Decreto Legislativo 22 maggio 1999, n. 185.<\/p>\n<p>&nbsp;<\/p>\n<p>Titolare del trattamento dei dati e&#8217;\u00a0<a class=\"rvts4\" href=\"http:\/\/www.amadeux.net\/\" target=\"_blank\" rel=\"noopener noreferrer\">Amadeux Multimedia Network<\/a> con sede in Capannoli (PI), Via Berlinguer 22, nella persona del rappresentante legale Stefanelli Marco.\u00a0<\/p>\n<p>&nbsp;<\/p>\n<p>I dati sono trattati attraverso strumenti cartacei, elettronici o comunque automatizzati atti a memorizzarli, gestirli e trasmetterli e conservati in ambienti di cui \u00e8 controllato l&#8217;accesso.<\/p>\n<p>&nbsp;<\/p>\n<p>L&#8217;interessato pu\u00f2 in ogni tempo accedere ai dati che lo riguardano, aggiornarli, rettificarli, integrarli e pi\u00f9 in generale esercitare i diritti previsti dall&#8217;<a class=\"rvts4\" href=\"https:\/\/www.sublimen.com\/subliminale\/legge675.htm\" target=\"_blank\" rel=\"noopener noreferrer\">art. 13 della l. 675\/1996<\/a> contattando il nostro Servizio clienti: <a class=\"rvts4\" href=\"mailto:info@sublimen.com\">Customer Service<\/a>.<\/p>\n<p>&nbsp;<\/p>\n<p>Formano oggetto di trattamento i dati personali necessari all&#8217;acquisto del bene, all&#8217;esecuzione del pagamento. I dati personali sono altres\u00ec comunicati, ai fini esclusivi dell&#8217;evasione dell&#8217;ordine e agli spedizionieri incaricati del recapito. I dati raccolti vengono altres\u00ec utilizzati a fini di marketing interno (comunicazione di novit\u00e0, newsletter\u00a0e messaggi promozionali); l&#8217;interessato pu\u00f2 in ogni tempo opporsi a detta comunicazione tramite le opzioni del proprio account o inviando una e-mail a <a class=\"rvts4\" href=\"mailto:info@sublimen.com\">info@sublimen.com<\/a> .<\/p>\n<p>&nbsp;<\/p>\n<p>Il trattamento dei dati personali richiesti da &#8220;Amadeux Multimedia Network&#8221; \u00e8 indispensabile per la conclusione e l&#8217;esecuzione del contratto. Il conferimento di tali dati \u00e8 pertanto obbligatorio; in loro assenza l&#8217;ordine non potr\u00e0 essere eseguito. Il conferimento dei dati facoltativi consente di accedere a condizioni di acquisto pi\u00f9 favorevoli.<\/p>\n<p>&nbsp;<\/p>\n<p>&nbsp;<\/p>\n<h4><strong style=\"font-family: verdana, geneva, sans-serif;\">Cookie<\/strong><\/h4>\n<\/div>\n<div>Questo sito utilizza <a class=\"rvts76\" href=\"http:\/\/it.wikipedia.org\/wiki\/Cookie\" target=\"_blank\" rel=\"noopener noreferrer\">Cookie<\/a> tecnici necessari per fornire un miglior servizio di navigazione e gestione account.<\/div>\n<div class=\"content\">\n<p>Questo sito utilizza Cookie di terze parti non necessari per finalit\u00e0 analitiche, di sharing e\/o di advertising, vedi <a class=\"rvts4\" href=\"https:\/\/www.google.it\/intl\/it\/policies\/privacy\/\" target=\"_blank\" rel=\"noopener noreferrer\">Google Privacy<\/a>.<br \/>\nQuesto sito non utilizza Cookie proprietari per finalit\u00e0 di profilazione e\/o di web-marketing.<\/p>\n<\/div>\n<p style=\"text-align: left;\">\u00a0<\/p>\n<h4><strong>Elenco cookies usati:<\/strong><\/h4>\n<div class=\"cky-audit-table-element\">\u00a0<\/div>\n<div id=\"privacyDefaultMainContent\" class=\"content\">\n<p>&nbsp;<\/p>\n<\/div>\n<h4><strong>Browser Cookies settings<\/strong><\/h4>\n<div>\u00a0<\/div>\n<div>\n<p><a href=\"http:\/\/support.microsoft.com\/kb\/278835\" target=\"_blank\" rel=\"noopener noreferrer\"><span class=\"auto-style4\">Internet Explorer<\/span><\/a><\/p>\n<p><span class=\"auto-style4\"><a href=\"http:\/\/www.windowsphone.com\/en-us\/how-to\/wp7\/web\/changing-privacy-and-other-browser-settings\" target=\"_blank\" rel=\"noopener noreferrer follow external\" data-wpel-link=\"external\">Internet Explorer: versione mobile<\/a><\/span><\/p>\n<p><a href=\"http:\/\/support.google.com\/chrome\/bin\/answer.py?hl=en-GB&amp;answer=95647\" target=\"_blank\" rel=\"noopener noreferrer\"><span class=\"auto-style4\">Chrome<\/span><\/a><\/p>\n<p><a href=\"http:\/\/docs.info.apple.com\/article.html?path=Safari\/5.0\/en\/9277.html\" target=\"_blank\" rel=\"noopener noreferrer\"><span class=\"auto-style4\">Safari<\/span><\/a><\/p>\n<p><a href=\"http:\/\/support.apple.com\/kb\/HT1677\" target=\"_blank\" rel=\"noopener noreferrer\"><span class=\"auto-style4\">Safari [versione mobile]<\/span><\/a><\/p>\n<p><a href=\"http:\/\/support.mozilla.org\/en-US\/kb\/Enabling%20and%20disabling%20cookies\" target=\"_blank\" rel=\"noopener noreferrer\"><span class=\"auto-style4\">Firefox<\/span><\/a><\/p>\n<p><a href=\"http:\/\/support.google.com\/mobile\/bin\/answer.py?hl=en&amp;answer=169022\" target=\"_blank\" rel=\"noopener noreferrer\"><span class=\"auto-style4\">Android<\/span><\/a><\/p>\n<p><a href=\"http:\/\/www.opera.com\/browser\/tutorials\/security\/privacy\/\" target=\"_blank\" rel=\"noopener noreferrer\"><span class=\"auto-style4\">Opera<\/span><\/a><\/p>\n<\/div>\n<p>&nbsp;<\/p>\n<div id=\"privacyDefaultMainContent\" class=\"content\">\n<h5><strong>Informativa estesa su\u00a0<a href=\"http:\/\/www.amadeux.net\/cookie.html\" target=\"_blank\" rel=\"noopener noreferrer\">\u00bb<\/a>\u00a0<a href=\"http:\/\/www.amadeux.net\/cookie.html\" target=\"_blank\" rel=\"noopener noreferrer\">Cookie &amp; Privacy policy<\/a><\/strong><\/h5>\n<p>&nbsp;<\/p>\n<\/div>\n<h4 class=\"rvps0\"><strong>Link vari:<\/strong><\/h4>\n<div>\u00a0<\/div>\n<div class=\"rvps0\"><span class=\"rvts8\">Info\u00a0<\/span><a class=\"rvts12\" href=\"http:\/\/www.amadeux.it\/forum\/link.asp?TOPIC_ID=793\" target=\"_blank\" rel=\"noopener\">Legge 675, 196 e successive modifiche, Diritto dAutore, di Cronaca e di Critica<\/a><\/div>\n<div class=\"rvps0\"><span class=\"rvts8\">Sito\u00a0<\/span><a class=\"rvts12\" href=\"http:\/\/www.garanteprivacy.it\/\" target=\"_blank\" rel=\"noopener\">www.GarantePrivacy.it<\/a><span class=\"rvts8\">\u00a0(Il sito del GARANTE della PRIVACY)<\/span><\/div>\n<div class=\"rvps0\"><span class=\"rvts8\">Sito\u00a0<\/span><a class=\"rvts12\" href=\"http:\/\/www.privacy.it\/\" target=\"_blank\" rel=\"noopener\">www.Privacy.it<\/a><span class=\"rvts8\">\u00a0(Il sito e la POLICY sulla PRIVACY)<\/span><\/div>\n<div class=\"rvps0\"><span class=\"rvts8\">Sito\u00a0<\/span><a class=\"rvts12\" href=\"http:\/\/www.dirittodautore.it\/\" target=\"_blank\" rel=\"noopener\">www.Dirittodautore.it<\/a><span class=\"rvts8\">\u00a0(Ass. per la difesa del diritto d&#8217;autore)<\/span><\/div>\n<div class=\"rvps0\"><span class=\"rvts8\">Sito\u00a0<\/span><a class=\"rvts12\" href=\"http:\/\/www.interlex.it\/\" target=\"_blank\" rel=\"noopener\">www.Interlex.it<\/a><span class=\"rvts8\">\u00a0(Sito sul Diritto, Tecnologia e Informazione)<\/span><\/div>\n<div class=\"rvps0\"><span class=\"rvts8\">Sito\u00a0<\/span><a class=\"rvts12\" href=\"http:\/\/www.ictlaw.net\/\" target=\"_blank\" rel=\"noopener\">www.Ictlaw.net<\/a><span class=\"rvts8\">\u00a0(Materiali sul Diritto e la Cultura della Rete)<\/span><\/div>\n<div class=\"rvps0\"><span class=\"rvts8\">Sito\u00a0<\/span><a class=\"rvts12\" href=\"http:\/\/www.agcom.it\/\" target=\"_blank\" rel=\"noopener\">www.agcom.it<\/a><span class=\"rvts8\">\u00a0(Autorit\u00e0 per le garanzie nelle comunicazioni)<\/span><\/div>\n<div>\u00a0<\/div>\n","protected":false},"excerpt":{"rendered":"<p>Informativa su Privacy e Cookie policy Privacy GDPR europea e internazionale INFORMATIVA SUL TRATTAMENTO DEI DATI PERSONALI E DEI COOKIE &nbsp; Amadeux Multimedia Network\u00a0segue le strette procedure richieste dalla Direttiva 95\/46\/UE come recepita dalla legge 31.12.1996, &hellip; <a class=\"kt-excerpt-readmore\" href=\"https:\/\/www.audioterapia.net\/sublimen\/info\/privacy-e-cookie\/\" aria-label=\"Privacy e Cookie\">Continua a leggere<\/a><\/p>\n","protected":false},"author":1,"featured_media":0,"parent":19,"menu_order":0,"comment_status":"closed","ping_status":"closed","template":"","meta":{"_lmt_disableupdate":"","_lmt_disable":"","footnotes":""},"categories":[118],"tags":[],"class_list":["post-3038","page","type-page","status-publish","hentry","category-info"],"_links":{"self":[{"href":"https:\/\/www.audioterapia.net\/sublimen\/wp-json\/wp\/v2\/pages\/3038","targetHints":{"allow":["GET"]}}],"collection":[{"href":"https:\/\/www.audioterapia.net\/sublimen\/wp-json\/wp\/v2\/pages"}],"about":[{"href":"https:\/\/www.audioterapia.net\/sublimen\/wp-json\/wp\/v2\/types\/page"}],"author":[{"embeddable":true,"href":"https:\/\/www.audioterapia.net\/sublimen\/wp-json\/wp\/v2\/users\/1"}],"replies":[{"embeddable":true,"href":"https:\/\/www.audioterapia.net\/sublimen\/wp-json\/wp\/v2\/comments?post=3038"}],"version-history":[{"count":6,"href":"https:\/\/www.audioterapia.net\/sublimen\/wp-json\/wp\/v2\/pages\/3038\/revisions"}],"predecessor-version":[{"id":4963,"href":"https:\/\/www.audioterapia.net\/sublimen\/wp-json\/wp\/v2\/pages\/3038\/revisions\/4963"}],"up":[{"embeddable":true,"href":"https:\/\/www.audioterapia.net\/sublimen\/wp-json\/wp\/v2\/pages\/19"}],"wp:attachment":[{"href":"https:\/\/www.audioterapia.net\/sublimen\/wp-json\/wp\/v2\/media?parent=3038"}],"wp:term":[{"taxonomy":"category","embeddable":true,"href":"https:\/\/www.audioterapia.net\/sublimen\/wp-json\/wp\/v2\/categories?post=3038"},{"taxonomy":"post_tag","embeddable":true,"href":"https:\/\/www.audioterapia.net\/sublimen\/wp-json\/wp\/v2\/tags?post=3038"}],"curies":[{"name":"wp","href":"https:\/\/api.w.org\/{rel}","templated":true}]}}