{"id":3743,"date":"2024-04-08T15:10:50","date_gmt":"2024-04-08T13:10:50","guid":{"rendered":"https:\/\/www.audioterapia.net\/sublimen\/?page_id=3743"},"modified":"2025-02-14T16:00:23","modified_gmt":"2025-02-14T15:00:23","slug":"soglie-di-percezione-e-processo-psicofisiologico","status":"publish","type":"page","link":"https:\/\/www.audioterapia.net\/sublimen\/dossier\/soglie-di-percezione-e-processo-psicofisiologico\/","title":{"rendered":"Soglie di Percezione e processo PsicoFisiologico"},"content":{"rendered":"<div class=\"rvps1\">\n<p><img loading=\"lazy\" decoding=\"async\" class=\"aligncenter\" title=\"Soglie di Percezione e processo PsicoFisiologico\" src=\"\/sublimen\/wp-content\/uploads\/Soglie_di_Percezione.jpg\" alt=\"Soglie di Percezione e processo PsicoFisiologico\" width=\"850\" height=\"334\" \/><\/p>\n<\/div>\n<div>\n<div id=\"table_2\">\n<div class=\"rvps1\">\u00a0<\/div>\n<h2 class=\"rvps0\" style=\"text-align: center;\"><span class=\"rvts32\"><b>Le soglie di percezione di N.F. Dixon<\/b><\/span><\/h2>\n<p>&nbsp;<\/p>\n<div class=\"rvps0\" style=\"text-align: center;\"><span class=\"rvts8\">(Dixon Norman Frank, Subliminal perception the nature of a controversy)<\/span><\/div>\n<div>\u00a0<\/div>\n<div style=\"text-align: center;\"><span class=\"rvts64\">a cura di Marco Stefanelli, Ph.D.<\/span><\/div>\n<div>\u00a0<\/div>\n<div>\u00a0<\/div>\n<div class=\"rvps0\">Per quantificare l&#8217;energia di uno stimolo in rapporto ad altri, immaginiamolo percorrere una linea continua (vedi figura) partendo da un&#8217;estremita&#8217; dove non ha alcuna energia e quindi non viene percepito, fino ad arrivare all&#8217;altra, dove l&#8217;energia e&#8217; molto intensa, a un punto tale che qualunque individuo ne ha immediata percezione.<\/div>\n<p>&nbsp;<\/p>\n<div class=\"rvps0\">Secondo gli studi dell&#8217;inglese\u00a0<b>N.F. Dixon<\/b>, esistono tre soglie critiche lungo questa linea continua, oltrepassando le quali la percezione e la reazione di un soggetto di fronte allo stimolo si modificano: la soglia di percezione cosciente, la soglia assoluta di percezione cosciente e la soglia fisiologica.<\/div>\n<div>\u00a0<\/div>\n<div>\u00a0<\/div>\n<div>\n<div id=\"table_3\">\n<div class=\"rvps1\"><img loading=\"lazy\" decoding=\"async\" class=\"aligncenter\" src=\"\/sublimen\/wp-content\/uploads\/sub2.gif\" alt=\"\" width=\"555\" height=\"788\" title=\"\"><\/div>\n<\/div>\n<\/div>\n<\/div>\n<\/div>\n<div>\u00a0<\/div>\n<div>\u00a0<\/div>\n<div>\n<div id=\"table_2\">\n<div class=\"rvps0\"><span class=\"rvts24\"><b>La soglia di percezione cosciente<\/b><\/span><\/div>\n<p>&nbsp;<\/p>\n<div class=\"rvps0\">Al di sopra della soglia di percezione cosciente lo stimolo e&#8217; molto forte, quindi il soggetto e&#8217; perfettamente conscio della sua presenza. Egli lo percepisce chiaramente e puo&#8217; reagire di conseguenza. Questo e&#8217; cio&#8217; che, nella nostra vita quotidiana, consideriamo il modo di percezione abituale. Per sua natura questa soglia puo&#8217; variare da un individuo all&#8217;altro o da un momento all&#8217;altro nello stesso soggetto. Essa dipende da un diverso grado di attenzione, che puo&#8217; essere influenzata dalla stanchezza, dall&#8217;eta&#8217;, dalla sensibilita&#8217; dei diversi organi sensoriali o dalla presenza simultanea di altri stimoli.<\/div>\n<div class=\"rvps0\">Sopra la soglia di percezione cosciente, lo stimolo possiede sufficiente energia per provocare nello stesso tempo sia la risposta che la relativa rappresentazione cosciente. In questo caso l&#8217;individuo, consapevole dello stimolo, interviene facilmente reagendo per mezzo dei suoi processi intellettuali coscienti e quindi della sua volonta&#8217;, cosa non possibile nel caso di percezione subliminale.<\/div>\n<div class=\"rvps0\">La risposta dell&#8217;individuo puo&#8217; dunque essere completamente differente a seconda che lo stimolo lo raggiunga a livello subliminale (precosciente) o superliminale (cosciente).<\/div>\n<div>\u00a0<\/div>\n<div class=\"rvps0\"><span class=\"rvts24\"><b>La soglia assoluta di percezione cosciente<\/b><\/span><\/div>\n<p>&nbsp;<\/p>\n<div class=\"rvps0\">Sopra questa soglia, ma sotto la soglia di percezione cosciente, sono situati gli stimoli troppo deboli per essere percepiti coscientemente. Pur non essendo abbastanza forti perche&#8217; il soggetto le percepisca spontaneamente, essi hanno comunque un&#8217;intensita&#8217; sufficiente per farsi riconoscere nel momento in cui l&#8217;attenzione viene spostata su di essi. Chi di noi non ha una sveglia sul comodino di cui non percepisce piu&#8217; il ticchettio, se non nel momento in cui volontariamente vi pone l&#8217;attenzione? Dixon definisce la soglia assoluta di coscienza come il piu&#8217; debole livello d&#8217;energia entro il quale un individuo puo&#8217; sentire o vedere uno stimolo.<\/div>\n<div>\u00a0<\/div>\n<div class=\"rvps0\"><span class=\"rvts24\"><b>La soglia fisiologica<\/b><\/span><\/div>\n<p>&nbsp;<\/p>\n<div class=\"rvps0\">Al di sopra di quella che e&#8217; definita la soglia fisiologica, ma sotto il livello assoluto di percezione cosciente, si trovano gli stimoli di intensita&#8217; troppo debole per essere recepiti dalla coscienza, sia volontariamente che involontariamente. Per contro, questi stessi stimoli possono comunque portare a una risposta sensoriale o neuronale responsabile di un effetto fisiologico o di una modificazione osservabile del comportamento. Per fare un esempio, relativamente frequente, si puo&#8217; citare la percezione incosciente di una musica che in effetti non e&#8217; udibile; ma che raggiunge la coscienza sotto forma di canticchiare spontaneo, non intenzionalmente voluto.<\/div>\n<div class=\"rvps0\">Gli stimoli la cui intensita&#8217; e&#8217; talmente debole da non produrre nessuna reazione sensoriale si considerano sotto la soglia fisiologica, la&#8217; dove qualsiasi tipo di percezione e&#8217; completamente assente. Questa e&#8217; la zona del &#8220;<b>grande silenzio<\/b>&#8220;, alla cui soglia l&#8217;uomo si e&#8217; sempre fermato.<\/div>\n<p>&nbsp;<\/p>\n<div class=\"rvps0\"><b>Sotto la soglia fisiologica<\/b>\u00a0lo stimolo non puo&#8217; avere risposta.<\/div>\n<p>&nbsp;<\/p>\n<div class=\"rvps0\"><b>Sopra la soglia fisiologica ma sotto la soglia di percezione cosciente,<\/b>\u00a0lo stimolo possiede sufficiente energia per essere captato dagli organi di senso e produrre una risposta, ma questa energia e&#8217; comunque insufficiente per raggiungere la coscienza. E&#8217; questa la zona di &#8220;percezione subliminale&#8221; in senso lato.<\/div>\n<div class=\"rvps0\">Quello che importa rilevare qui e&#8217; la capacita&#8217; dello stimolo di evocare una risposta, senza essere peraltro diventato cosciente; risposta sulla quale pero&#8217; l&#8217;individuo difficilmente potra&#8217; intervenire per mezzo dei suoi processi intellettuali coscienti.<\/div>\n<p>&nbsp;<\/p>\n<div class=\"rvps1\"><a href=\"https:\/\/www.amadeux.net\/sublimen\/dossier\/percezione2.jpg\" target=\"_blank\" rel=\"noopener\"><img loading=\"lazy\" decoding=\"async\" class=\"aligncenter\" title=\"percezione2\" src=\"\/sublimen\/wp-content\/uploads\/percezione2.jpg\" alt=\"\" width=\"655\" height=\"382\"><\/a><\/div>\n<div class=\"rvps1\" style=\"text-align: center;\"><span class=\"rvts48\"><i>Schema percezione by Centro Studi Bhaktivedanta<\/i><\/span><\/div>\n<div class=\"rvps0\" style=\"text-align: center;\">\u00a0<\/div>\n<p>&nbsp;<\/p>\n<div class=\"rvps0\"><span class=\"rvts168\">Ogni oggetto fisico ha un&#8217;origine psichica perch\u00e9 prima di cristallizzarsi materialmente \u00e8 stato un&#8217;idea e la relativa matrice psichica si pu\u00f2 ritrovare nell&#8217;oggetto. Ogni oggetto fisico infatti contiene una fonte di energia i cui flussi sono denominati\u00a0<\/span><span class=\"rvts168\"><b>pratyaya<\/b><\/span><span class=\"rvts168\">\u00a0in sanscrito. Il pratyaya partendo dall&#8217;oggetto stimola gli organi di senso che sono trasduttori energetici primari. Come in un microfono l&#8217;energia sonora dei fononi viene trasformata in onda elettrica e inviata ad una piastra magnetica che la registra, cos\u00ec fa la facolt\u00e0 di senso ricevendo l&#8217;onda energetica psichica trasformandola in onda mentale individuale (<\/span><span class=\"rvts168\"><b>vritti<\/b><\/span><span class=\"rvts168\">) e trasmettendola alla mente (<\/span><span class=\"rvts168\"><b>manas<\/b><\/span><span class=\"rvts168\">).<\/span><\/div>\n<p>&nbsp;<\/p>\n<div class=\"rvps0\"><span class=\"rvts168\">L&#8217;onda energetica psichica originaria passa attraverso gli schermi dell&#8217;organo di senso, della facolt\u00e0 di senso e della mente in un processo rapidissimo. L&#8217;organo di senso registra per una frazione di secondo e in seguito altri stimoli cancellano i precedenti (persone eccezionali ricordano per 2-4 secondi mentre le persone ordinarie per una frazione di secondo; la mente generalmente ricorda per 2-15 minuti e poi il ricordo comincia a sfumare (curva di Ebbinghaus).<\/span><\/div>\n<p>&nbsp;<\/p>\n<div class=\"rvps0\"><span class=\"rvts168\">Quando l&#8217;onda energetica psichica arriva sul piano mentale l&#8217;immagine sonora si compone anche con il contributo delle percezioni di tutti gli altri sensi e poi si dissolve. Essendoci una memoria, per\u00f2, l&#8217;immagine sonora non si annulla ma diventa un ricordo che passa attraverso il filtro della personalit\u00e0 (<\/span><span class=\"rvts168\"><b>ahamkara<\/b><\/span><span class=\"rvts168\">) ed entra nel\u00a0<\/span><span class=\"rvts168\"><b>karmashaya<\/b><\/span><span class=\"rvts168\">\u00a0o serbatoio inconscio dove come percezione non \u00e8 pi\u00f9 notata ma vi rimane con tutta la sua carica emotiva. In questo serbatoio di ricordi si creano le dinamiche e gli orientamenti, ovviamente, inconsci che pi\u00f9 fortemente influenzano l&#8217;individuo nei suoi comportamenti abituali, spontanei e quotidiani.<\/span><\/div>\n<p>&nbsp;<\/p>\n<div class=\"rvps0\"><span class=\"rvts168\">L&#8217;inconscio \u00e8 la sede di tutti i condizionamenti ed in esso le percezioni, divenute registrazioni, memorie latenti (<\/span><span class=\"rvts168\"><b>samskara<\/b><\/span><span class=\"rvts168\">), formano complessi emotivi che si attraggono e si eggregano per categorie alimentando tutta una serie di complessi omogenei che raggiungono una forza tale da riuscire a destabilizzare l&#8217;io storico che pu\u00f2 giungere fino a perdere il governo della propria personalit\u00e0.<\/span><\/div>\n<p>&nbsp;<\/p>\n<div class=\"rvps0\"><span class=\"rvts168\">Quando l&#8217;io si destabilizza possono insorgere diverse psico-patologie che l&#8217;individuo non \u00e8 in grado di contrastare con il solo uso della volont\u00e0 perch\u00e9 l&#8217;io storico non riesce, con le sue sole forze, ad accedere all&#8217;inconscio: \u00e8 necessario che gli si applichi una qualche terapia psicologica o disciplina, eventualmente coadiuvate da musiche e sonorit\u00e0 particolari, per insegnargli come reintegrare e riequilibrare la sua personalit\u00e0.<\/span><\/div>\n<div class=\"rvps3\">\u00a0<\/div>\n<div class=\"rvps3\">\u00a0<\/div>\n<div class=\"rvps1\"><img loading=\"lazy\" decoding=\"async\" class=\"aligncenter\" title=\"coscienza iceberg incoscio preconscio subconscio karmashaya \" src=\"\/sublimen\/wp-content\/uploads\/coscienza_iceberg.jpg\" alt=\"coscienza iceberg incoscio preconscio subconscio karmashaya \" width=\"606\" height=\"848\" \/><\/div>\n<p>&nbsp;<\/p>\n<div class=\"rvps0\"><span class=\"rvts168\">Ogni persona ha la propria\u00a0<\/span><span class=\"rvts168\"><b>soglia personale di percezione consapevole<\/b><\/span><span class=\"rvts168\">\u00a0che pu\u00f2 variare in base allo stile di vita, alle tendenze (Vasana), alle memorie latenti (Samskara), ai condizionamenti e al Karma personale (Sva-Karma). E&#8217; possibile variare questa soglia anche con alcune discipline olistiche di evoluzione personale come la meditazione, lo Yoga, la PNL, il Training Autogeno, l&#8217;Audioterapia e l&#8217;ascolto evolutivo ecc&#8230;<\/span><\/div>\n<p>&nbsp;<\/p>\n<div class=\"rvps0\"><span class=\"rvts168\">Le persone pi\u00f9 evolute e &#8220;illuminate&#8221; hanno maggiore accesso alle profondit\u00e0 dell&#8217;inconscio e ai relativi contenuti. Anche durante lo stato di sogno, con l&#8217;uso di sostanze psicotrope e in alcuni casi patologici si pu\u00f2 riscontrare un maggiore accesso all&#8217;inconscio (Karmashaya), con la differenza che le persone evolute riescono a controllare e gestire al meglio questi contenuti perch\u00e9 hanno la preparazione, le capacit\u00e0 e gli &#8220;strumenti&#8221; per farlo mentre negli altri casi le persone sono spesso in bal\u00eca dei contenuti perch\u00e9 sono quasi <\/span><span class=\"rvts168\">sempre al di fuori della loro portata e quindi del loro controllo.<\/span><\/div>\n<\/div>\n<\/div>\n<div>\u00a0<\/div>\n<div>\u00a0<\/div>\n<div>\n<h5 style=\"text-align: center;\"><strong>Livelli di percezione secondo Yoga Sutra<\/strong><\/h5>\n<p>&nbsp;<\/p>\n<p>I sette livelli di percezione della realt\u00e0 o vibhuti, dimensioni di progressiva realt\u00e0:<\/p>\n<p><strong>nama<\/strong> (nome);<\/p>\n<p><strong>rupa<\/strong> (forma);<\/p>\n<p><strong>vibhuti<\/strong> (bioenergia);<\/p>\n<p><strong>shakti<\/strong> (energia);<\/p>\n<p><strong>guna<\/strong> (elementi archetipi della Natura);<\/p>\n<p><strong>bhava<\/strong> (essenza, esistenza);<\/p>\n<\/div>\n<div><strong>svarupa<\/strong> (forma ontologica).<\/div>\n<div>\n<div id=\"table_2\">\n<div>\u00a0<\/div>\n<h5 class=\"rvps1\" style=\"text-align: center;\"><span class=\"rvts24\"><b>Processo di ascolto fisico-psicologico di McClellan<\/b><\/span><\/h5>\n<div class=\"rvps1\"><img loading=\"lazy\" decoding=\"async\" class=\"aligncenter\" title=\"processo-ascolto-psicofisico\" src=\"\/sublimen\/wp-content\/uploads\/processo_ascolto_psicofisico.jpg\" alt=\"\" width=\"522\" height=\"746\"><\/div>\n<\/div>\n<\/div>\n<div>\u00a0<\/div>\n<div>\u00a0<\/div>\n","protected":false},"excerpt":{"rendered":"<p>\u00a0 Le soglie di percezione di N.F. Dixon &nbsp; (Dixon Norman Frank, Subliminal perception the nature of a controversy) \u00a0 a cura di Marco Stefanelli, Ph.D. \u00a0 \u00a0 Per quantificare l&#8217;energia di uno stimolo in rapporto &hellip; <a class=\"kt-excerpt-readmore\" href=\"https:\/\/www.audioterapia.net\/sublimen\/dossier\/soglie-di-percezione-e-processo-psicofisiologico\/\" aria-label=\"Soglie di Percezione e processo PsicoFisiologico\">Continua a leggere<\/a><\/p>\n","protected":false},"author":1,"featured_media":0,"parent":2935,"menu_order":0,"comment_status":"closed","ping_status":"closed","template":"","meta":{"_lmt_disableupdate":"","_lmt_disable":"","footnotes":""},"categories":[112],"tags":[],"class_list":["post-3743","page","type-page","status-publish","hentry","category-dossier"],"_links":{"self":[{"href":"https:\/\/www.audioterapia.net\/sublimen\/wp-json\/wp\/v2\/pages\/3743","targetHints":{"allow":["GET"]}}],"collection":[{"href":"https:\/\/www.audioterapia.net\/sublimen\/wp-json\/wp\/v2\/pages"}],"about":[{"href":"https:\/\/www.audioterapia.net\/sublimen\/wp-json\/wp\/v2\/types\/page"}],"author":[{"embeddable":true,"href":"https:\/\/www.audioterapia.net\/sublimen\/wp-json\/wp\/v2\/users\/1"}],"replies":[{"embeddable":true,"href":"https:\/\/www.audioterapia.net\/sublimen\/wp-json\/wp\/v2\/comments?post=3743"}],"version-history":[{"count":9,"href":"https:\/\/www.audioterapia.net\/sublimen\/wp-json\/wp\/v2\/pages\/3743\/revisions"}],"predecessor-version":[{"id":5029,"href":"https:\/\/www.audioterapia.net\/sublimen\/wp-json\/wp\/v2\/pages\/3743\/revisions\/5029"}],"up":[{"embeddable":true,"href":"https:\/\/www.audioterapia.net\/sublimen\/wp-json\/wp\/v2\/pages\/2935"}],"wp:attachment":[{"href":"https:\/\/www.audioterapia.net\/sublimen\/wp-json\/wp\/v2\/media?parent=3743"}],"wp:term":[{"taxonomy":"category","embeddable":true,"href":"https:\/\/www.audioterapia.net\/sublimen\/wp-json\/wp\/v2\/categories?post=3743"},{"taxonomy":"post_tag","embeddable":true,"href":"https:\/\/www.audioterapia.net\/sublimen\/wp-json\/wp\/v2\/tags?post=3743"}],"curies":[{"name":"wp","href":"https:\/\/api.w.org\/{rel}","templated":true}]}}