{"id":3855,"date":"2024-04-15T18:51:20","date_gmt":"2024-04-15T16:51:20","guid":{"rendered":"https:\/\/www.audioterapia.net\/sublimen\/?page_id=3855"},"modified":"2024-06-27T10:41:42","modified_gmt":"2024-06-27T08:41:42","slug":"mantra-linguaggio-e-guarigione","status":"publish","type":"page","link":"https:\/\/www.audioterapia.net\/sublimen\/dossier\/mantra-linguaggio-e-guarigione\/","title":{"rendered":"Mantra, Linguaggio e Guarigione"},"content":{"rendered":"<div class=\"rvps1\">\n<p style=\"text-align: center;\"><img loading=\"lazy\" decoding=\"async\" class=\"aligncenter\" title=\"Mantra, Linguaggio e Guarigione\" src=\"\/sublimen\/wp-content\/uploads\/suonivari1.jpg\" alt=\"Mantra, Linguaggio e Guarigione\" width=\"850\" height=\"359\" \/><\/p>\n<p>&nbsp;<\/p>\n<h2 style=\"text-align: center;\">Mantra, Linguaggio e Guarigione<\/h2>\n<\/div>\n<div>\n<div id=\"table_2\">\n<div class=\"rvps1\">\u00a0<\/div>\n<div class=\"rvps0\" style=\"text-align: center;\"><span class=\"rvts8\">Testi ed immagini compilati e supervisionati da Marco Stefanelli, PhD<\/span><\/div>\n<div>\u00a0<\/div>\n<div>\u00a0<\/div>\n<div class=\"rvps0\">Le prime sillabe o parole pronunciate dall&#8217;essere umano sono state sicuramente di tipo onomatopeico, ovvero riproducevano suoni della Natura (il vento, il mare, il ruscello, la pioggia) e il linguaggio ha cominciato ad assumere gradualmente una certa forma e ritmo quando gli esseri umani hanno riconosciuto le proprie emozioni e sentito il bisogno di esprimerle.<\/div>\n<\/div>\n<\/div>\n<div>\u00a0<\/div>\n<div>L&#8217;OM\/AUM, nella tradizione sacra orientale, ha una funzione simile: rievocare il ritmo iniziale della creazione e creare armonia in se stessi. Il Mantra, il cui uso \u00e8 largamente diffuso nella tradizione indiana, \u00e8 uno strumento potente per mezzo del quale si intende ottenere il controllo mentale. La parola sanscrita Mantra, che originariamente indicava un inno vedico, dal punto di vista etimologico risulta dalla fusione del suffisso &#8220;tra&#8221;, abitualmente usato per formare nomi di strumenti musicali, e dalla radice verbale &#8220;man&#8221; che pu\u00f2 riferirsi all&#8217;atto del pensare. Si potrebbe dunque interpretare come: &#8220;strumento per pensare&#8221; o &#8220;strumento per la mente&#8221;. Una diversa interpretazione, ricollegabile al tantrismo, sostiene che la parola deriverebbe da altri due termini ossia &#8220;manana&#8221; (sempre riferito al mentale) e &#8220;trana&#8221; (liberazione). Il Mantra per la cultura indiana \u00e8 dunque uno strumento verbale a cui si attribuiscono straordinari poteri. &#8220;Una parola o una formula [che] rappresenta una presenza o una energia mentale; per suo tramite si produce qualcosa nella mente, in forma cristallizzata&#8221;(21).<\/div>\n<div>\n<div id=\"table_2\">\n<p>&nbsp;<\/p>\n<div class=\"rvps0\">Pare che esistano circa settanta milioni di formule mantriche: quelle utili per superare un disagio, per avere successo, per assicurarsi una lunga vita, per proteggersi dai pericoli e dalle difficolt\u00e0, per infondere amore negli amanti poco sensibili ecc. Alcuni mantra dell&#8217;Atharva Veda avevano la funzione di espellere dal corpo i demoni della febbre o di altre malattie. Tra le parole di molti autorevoli testi si legge fra le righe che con l&#8217;utilizzo di un mantra appropriato tutto sembra divenire possibile e nessun indiano mostra dubbi nel collegare il mantra allo &#8220;Shabda Brahman&#8221; o &#8220;suono divino&#8221;.<\/div>\n<p>&nbsp;<\/p>\n<div class=\"rvps0\">Correttamente recitati e intonati divennero nell&#8217;antichit\u00e0 parte integrante della liturgia, ponendosi addirittura come strumento di comunicazione con la divinit\u00e0 prescelta (Istha Devata). Rivolgendosi invece al misticismo ebraico, troviamo la Cabala o Qabbalah (&#8220;tradizione&#8221;, &#8220;ricezione&#8221;, ma anche &#8220;parallelismo&#8221; o &#8220;corrispondenza&#8221;) parola che indica in generale la mistica ebraica in tutte le sue forme. La Cabala \u00e8 un insieme di corrispondenze che unificano i vari livelli della creazione, sia fisici che spirituali. Essa considera tutto il creato in uno &#8220;stato di corrispondenza&#8221; che permette di risalire alle cause spirituali dei fenomeni terreni, e viceversa. Il pi\u00f9 antico libro della Cabala, il &#8220;Sefer Yetzir\u00e0&#8221;, mette in corrispondenza le lettere dell&#8217; Alef-Beit con tutta una serie di entit\u00e0 spazio-temporali. Ogni lettera \u00e8 alla radice di un mese, di un giorno della settimana, di un pianeta o di una costellazione, di parti e organi del corpo umano e dei loro corrispettivi spirituali. Tutto questo rientra nella concezione, tipica delle filosofie orientali, che per il nostro benessere e la nostra crescita spirituale \u00e8 necessario nutrirci di suoni che riequilibrino le nostre cellule riproducendo al loro interno particolari suoni armonici. &#8220;Il suono originale, o la Parola, mette in vibrazione la materia di cui tutte le forme sono fatte e inizia quell&#8217;attivit\u00e0 che caratterizza anche l&#8217;atomo della sostanza&#8221;(22).<\/div>\n<p>&nbsp;<\/p>\n<div class=\"rvps1\"><img loading=\"lazy\" decoding=\"async\" class=\"aligncenter\" title=\"dna_b1--180x140\" src=\"\/sublimen\/wp-content\/uploads\/dna_b1__180x140.jpg\" alt=\"\" width=\"180\" height=\"140\"><\/div>\n<p>&nbsp;<\/p>\n<div class=\"rvps0\">La mente crea e d\u00e0 forma a idee, pensieri e concetti, emozioni e sentimenti infondono forza, la parola mette in moto queste entit\u00e0 dotate di vita propria, rendendole capaci di interagire con l&#8217;ambiente cos\u00ec che, attirando e respingendo magneticamente l&#8217;energia circostante, producono risultati materiali e tangibili. Tale \u00e8 il potere della parola e l&#8217;importanza che riveste la comunicazione. I rapporti umani, nelle loro molteplici forme, sono il campo d&#8217;azione della comunicazione. E nella comunicazione \u00e8 insito un magnifico potere creativo. Scrive Giovanni: &#8220;In principio era il Verbo (&#8230;) e il Verbo era Dio. (&#8230;) E il Verbo si fece carne e venne ad abitare in mezzo a noi e noi vedemmo la sua gloria, gloria come di unigenito del Padre, pieno di grazia e di Verit\u00e0&#8221;. Cristo disse: &#8220;Quello che entrer\u00e0 nella vostra bocca non vi pu\u00f2 contaminare, ci\u00f2 che esce dalla vostra bocca vi contamina&#8221;.<\/div>\n<p>&nbsp;<\/p>\n<div class=\"rvps0\">Eraclito usa il termine Logos per indicare la verit\u00e0, la legge generale del Cosmo, l&#8217;armonia alla quale obbediscono sia il mondo naturale che l&#8217;uomo. \u00c8 legge divina, legge universale e principio naturale interno alla &#8220;Physis&#8221;, secondo il quale tutte le cose nascono e muoiono. \u00c8 l&#8217;unit\u00e0 sottostante all&#8217;apparente molteplicit\u00e0 del mondo naturale: &#8220;Ascoltando non me, ma il Logos, \u00e8 saggio convenire che Tutto \u00e8 Uno&#8221;. La seconda accezione di Logos, che ha l&#8217;equivalente latino in Ratio, \u00e8 la ragione umana, l&#8217;intelletto a tutti comune che spiega e comprende la legge universale. L&#8217;ultimo significato, il pi\u00f9 comune, \u00e8 &#8220;discorso, parola&#8221;. Il Logos si esprime attraverso il No\u00f9s, l&#8217;intelletto, senza il quale non avrebbe significato. Parola, ragione e realt\u00e0 sono perci\u00f2 strettamente collegati fra di loro, e per questo Eraclito usa lo stesso termine: il logos (parola) descrive attraverso il logos (la ragione umana) il logos (l&#8217;armonia dell&#8217;universo).<\/div>\n<p>&nbsp;<\/p>\n<div class=\"rvps0\">Per Platone l&#8217;essenza \u00e8 &#8220;Eidos&#8221; (idea), &#8220;l&#8217;essere che veramente \u00e8&#8221;, l&#8217;intima natura delle cose fisiche. Il Logos, che per Platone corrisponde alla psiche (anima), deve portare a cogliere questa essenza del reale (che pu\u00f2 essere colta solo nella dialettica). Secondo il suo maestro Socrate, la Mente divina ci ha dato il logos per fissarne i rapporti ed arrivare a conoscere. Nella visione &#8220;mate-mistica&#8221; di Pitagora, nel profondo legame fra musica, matematica e natura, il logos diventa equivalente di &#8220;harmonia mundi&#8221;, una sintesi di linguaggio, razionalit\u00e0 e misticismo. Per Pitagora l&#8217;Universo &#8220;canta&#8221;, e l&#8217;uomo \u00e8 una nota dell&#8217;immensa sinfonia cosmica; colui che pensa in musica pu\u00f2 accedere alle pi\u00f9 alte vette della coscienza spirituale. In questa concezione \u00e8 insita anche l&#8217;idea del grande potere magico-terapeutico del Logos inteso come &#8220;discorso musicale&#8221;, poi fatta propria dagli Orfici, capace di trascendere il piano terreno e mettere in comunicazione le singole anime con il Nous.<\/div>\n<div>\u00a0<\/div>\n<div class=\"rvps0\">Giordano Bruno si occup\u00f2 di manipolazione psicologica e sosteneva che qualsiasi essere, anche senza consapevolezza, appartiene a una rete intersoggettiva che fa capo ad un processo di &#8220;magia naturale&#8221;. Lo psicanalista \u00e8 il prototipo moderno del manipolatore bruniano e rappresenta nella societ\u00e0 contemporanea una figura chiave, agendo a livello dei rapporti inter-soggettivi nel campo della sociologia o della psicologia. Il semiotico francese Michel Focault ha dimostrato come coloro che controllano le macchine del pensiero (ovverosia i mass-media) controllano anche le menti del popolo. Focault e Mcluhan hanno dimostrato come la libert\u00e0 dipenda strettamente dalle psico-tecnologie.<\/div>\n<div class=\"rvps0\">La scrittura diede il potere totale alle persone che sapevano controllarla. I letterati hanno usato l&#8217;alfabetismo per controllare l&#8217;analfabetismo. Una tipica organizzazione feudale come era la Chiesa cattolica in passato, limitava ad una specialissima classe di &#8220;hackers&#8221;, i monaci, la possibilit\u00e0 di manipolare il codice scritto, per tutti gli altri la parola &#8220;discendeva dall&#8217;alto&#8221;. Ai maghi e agli gnostici, capaci di accedere alla coscienza transpersonale, era riservato il rogo con la scusa dell&#8217;eresia. Quando Gutenberg invent\u00f2 la stampa a caratteri mobili improvvisamente tolse alla Chiesa questo potere, dando la possibilit\u00e0 al sapere di cominciare a uscire fuori dai castelli dei duchi o dei cardinali. &#8220;Il mago si occupa oggi delle relazioni pubbliche, di propaganda, di indagini sociologiche e di mercato, di pubblicit\u00e0, di informazione, contro-informazione, disinformazione&#8221;(23).<\/div>\n<p>&nbsp;<\/p>\n<div class=\"rvps1\"><img loading=\"lazy\" decoding=\"async\" class=\"aligncenter\" title=\"vaxabrain_1\" src=\"\/sublimen\/wp-content\/uploads\/vaxabrain_1.gif\" alt=\"\" width=\"235\" height=\"202\"><\/div>\n<p>&nbsp;<\/p>\n<div class=\"rvps0\">Per affrontare i lavori sgraditi bisogna seguire alcune semplici regole: attenzione totale e non rimandare ci\u00f2 che deve essere fatto, cos\u00ec si otterranno i migliori risultati nel minor tempo possibile. Siamo costantemente condizionati a ricercare l&#8217;eccitazione come se fosse la quinta essenza della vita, ci\u00f2 che non \u00e8 eccitante ci appare solo noioso e monotono. Se ci sentiamo vivi solo quando siamo euforici allora saremo condannati a sentirci depressi quando l&#8217;eccitazione svanisce. La legge della Natura stabilisce che ci\u00f2 che sale deve inevitabilmente scendere, pi\u00f9 saremo eccitati prima, pi\u00f9 saremo depressi dopo e cos\u00ec via in una continua alternanza. Il mantra serve anche a tramutare i diversi sentimenti come le preoccupazioni, la paura, l&#8217;ansia, l&#8217;ira, l&#8217;impazienza o i desideri e a convertirli in qualcosa di pi\u00f9 utile.<\/div>\n<p>&nbsp;<\/p>\n<div class=\"rvps0\">Ci sono molte teorie relative al legame tra mantra e guarigione, ma con l&#8217;osservazione e la crescente comprensione individuale ogni soggetto acquisir\u00e0 intuizioni uniche. Con la nostra mente limitata, che funziona soltanto su un piano spazio-temporale, non possiamo effettivamente abbracciare tutta la legge del Divino o la legge stessa della Natura, e neppure comprendere le cause complesse delle malattie. Cantando, o recitando i mantra, concentrandosi con la mente, rinforzando tale concentrazione con l&#8217;azione e governando la volont\u00e0, la purificazione e la guarigione avr\u00e0 tuttavia luogo in maniera naturale dentro di noi. I mantra possono esercitare un effetto risanante, liberando le emozioni e determinando uno stato di calma e di profondo rilassamento, tanto in chi li canta, quanto in chi li ascolti. Con la mente rilassata, la fonte della malattia e le radici nascoste del conflitto possono emergere alla superficie, dove \u00e8 possibile elaborarli. E&#8217; importante per\u00f2 sapere la motivazione, per quale motivo si vuole essere in salute, chiedersi come si intende impiegare il resto della propria vita nel caso che la salute venga ripristinata.<\/div>\n<p>&nbsp;<\/p>\n<div class=\"rvps0\">In una parola, si deve essere concentrati sul proprio desiderio. Essere malati comporta talora dei vantaggi a cui il nostro ego non vuole rinunciare, anche se non lo ammettiamo a livello cosciente; rafforzando la nostra volont\u00e0 e quella parte di noi che vuole stare bene, la polarit\u00e0 del desiderio mentale pu\u00f2 essere sopraffatta, permettendo alla guarigione di verificarsi. A parte il bisogno di attenzione dell&#8217;Io, che tende a perpetuare il malessere, e la mancanza di umilt\u00e0, che indica un atteggiamento sbagliato, ci sono molti altri fattori che potrebbero interferire con le pratiche spirituali che mettiamo in atto per guarire. E&#8217; possibile che dobbiamo trarre dalla malattia una lezione spirituale e che quindi il risanamento non sia la cosa migliore per noi; oppure, \u00e8 possibile che stiamo seguendo un&#8217;alimentazione scorretta, che siamo esposti a un ambiente tossico o che stiamo violando certe leggi della Natura a cui \u00e8 soggetto il nostro corpo.<\/div>\n<p>&nbsp;<\/p>\n<div class=\"rvps0\">Non dobbiamo per\u00f2 chiedere la guarigione e neppure dire a Dio come, quando o con quanta rapidit\u00e0 realizzarla. Non sappiamo infatti quale debito karmico debba essere ripagato, o quali lezioni debbano essere apprese grazie alla malattia. Risanare non \u00e8 un&#8217;azione che occorre realizzare subito, o mai pi\u00f9, anche se cos\u00ec pu\u00f2 valutare la percezione umana. La persona si dovrebbe abbandonare a Dio, alle forze curative del Cosmo, accertandosi di non avere nessuna opinione personale e di non formulare nessun giudizio. Soltanto appellandosi a tutta la compassione di cui si \u00e8 capaci \u00e8 possibile essere in grado di invocare in maniera diretta o di applicare il potere risanante del mantra. Il mantra pu\u00f2 vincere qualsiasi ostacolo se la persona lo recita, o lo riceve come compenso di un debito karmico, con la fiducia nel perdono e la disponibilit\u00e0 a modificare la rotta della propria vita, dedicandola al servizio di Dio.<\/div>\n<p>&nbsp;<\/p>\n<div class=\"rvps0\">Quando si cantano i Santi Nomi Divini, il lavoro che si compie diventa pi\u00f9 facile e pi\u00f9 gioioso, non \u00e8 pi\u00f9 un dovere sgradevole, perch\u00e9 il mantra costantemente presente nella mente riporta l&#8217;attenzione su Dio e sul pensiero che Dio si sta esprimendo attraverso la nostra mente e le nostre mani. Cantando o recitando, ad alta voce o in silenzio, si veicola la forza, il potere del mantra e questo potere sar\u00e0 una benedizione dovunque si vada.<\/div>\n<p>&nbsp;<\/p>\n<div class=\"rvps0\"><span class=\"rvts8\">(21) Zimmer &#8211; Myhts<\/span><\/div>\n<div class=\"rvps0\"><span class=\"rvts8\">(22) dal &#8220;Trattato di Magia Bianca&#8221; di A. Bailey<\/span><\/div>\n<div class=\"rvps0\"><span class=\"rvts8\">(23) Petru Culianu, &#8220;Eros si Magie in Renastere&#8221;<\/span><\/div>\n<div>\u00a0<\/div>\n<div>\u00a0<\/div>\n<\/div>\n<\/div>\n","protected":false},"excerpt":{"rendered":"<p>&nbsp; Mantra, Linguaggio e Guarigione \u00a0 Testi ed immagini compilati e supervisionati da Marco Stefanelli, PhD \u00a0 \u00a0 Le prime sillabe o parole pronunciate dall&#8217;essere umano sono state sicuramente di tipo onomatopeico, ovvero riproducevano suoni della &hellip; <a class=\"kt-excerpt-readmore\" href=\"https:\/\/www.audioterapia.net\/sublimen\/dossier\/mantra-linguaggio-e-guarigione\/\" aria-label=\"Mantra, Linguaggio e Guarigione\">Continua a leggere<\/a><\/p>\n","protected":false},"author":1,"featured_media":0,"parent":2935,"menu_order":0,"comment_status":"closed","ping_status":"closed","template":"","meta":{"_lmt_disableupdate":"","_lmt_disable":"","footnotes":""},"categories":[112],"tags":[],"class_list":["post-3855","page","type-page","status-publish","hentry","category-dossier"],"_links":{"self":[{"href":"https:\/\/www.audioterapia.net\/sublimen\/wp-json\/wp\/v2\/pages\/3855","targetHints":{"allow":["GET"]}}],"collection":[{"href":"https:\/\/www.audioterapia.net\/sublimen\/wp-json\/wp\/v2\/pages"}],"about":[{"href":"https:\/\/www.audioterapia.net\/sublimen\/wp-json\/wp\/v2\/types\/page"}],"author":[{"embeddable":true,"href":"https:\/\/www.audioterapia.net\/sublimen\/wp-json\/wp\/v2\/users\/1"}],"replies":[{"embeddable":true,"href":"https:\/\/www.audioterapia.net\/sublimen\/wp-json\/wp\/v2\/comments?post=3855"}],"version-history":[{"count":2,"href":"https:\/\/www.audioterapia.net\/sublimen\/wp-json\/wp\/v2\/pages\/3855\/revisions"}],"predecessor-version":[{"id":4904,"href":"https:\/\/www.audioterapia.net\/sublimen\/wp-json\/wp\/v2\/pages\/3855\/revisions\/4904"}],"up":[{"embeddable":true,"href":"https:\/\/www.audioterapia.net\/sublimen\/wp-json\/wp\/v2\/pages\/2935"}],"wp:attachment":[{"href":"https:\/\/www.audioterapia.net\/sublimen\/wp-json\/wp\/v2\/media?parent=3855"}],"wp:term":[{"taxonomy":"category","embeddable":true,"href":"https:\/\/www.audioterapia.net\/sublimen\/wp-json\/wp\/v2\/categories?post=3855"},{"taxonomy":"post_tag","embeddable":true,"href":"https:\/\/www.audioterapia.net\/sublimen\/wp-json\/wp\/v2\/tags?post=3855"}],"curies":[{"name":"wp","href":"https:\/\/api.w.org\/{rel}","templated":true}]}}