{"id":3988,"date":"2024-04-23T10:04:11","date_gmt":"2024-04-23T08:04:11","guid":{"rendered":"https:\/\/www.audioterapia.net\/sublimen\/?page_id=3988"},"modified":"2024-06-27T12:24:18","modified_gmt":"2024-06-27T10:24:18","slug":"mente-subconscia-e-inconscia","status":"publish","type":"page","link":"https:\/\/www.audioterapia.net\/sublimen\/dossier\/mente-subconscia-e-inconscia\/","title":{"rendered":"Mente subconscia e inconscia"},"content":{"rendered":"<div class=\"rvps1\">\n<p style=\"text-align: center;\"><img loading=\"lazy\" decoding=\"async\" class=\"aligncenter\" title=\"La mente subconscia e inconscia\" src=\"\/sublimen\/wp-content\/uploads\/mente_razionale_e_subconscia.jpg\" alt=\"La mente subconscia e inconscia\" width=\"851\" height=\"319\" \/><\/p>\n<p>&nbsp;<\/p>\n<h2 style=\"text-align: center;\">La mente subconscia e inconscia<\/h2>\n<\/div>\n<div>\n<div id=\"table_2\">\n<div class=\"rvps1\">\u00a0<\/div>\n<div class=\"rvps0\" style=\"text-align: center;\">Testi compilati e supervisionati da Alan Perz, Ph.D.<\/div>\n<div>\u00a0<\/div>\n<div>\u00a0<\/div>\n<div class=\"rvps0\">La mente subconscia (inconscio) consta di un campo di coscienza in cui ogni impulso di pensiero (vritti) che raggiunga la mente oggettiva attraverso uno dei cinque sensi, viene classificato e registrato, e da cui i pensieri (samskara) possono essere richiamati o prelevati come si possono togliere le lettere da un classificatore.<\/div>\n<p>&nbsp;<\/p>\n<div class=\"rvps0\">Essa riceve le impressioni sensoriali o i pensieri indipendentemente dalla loro natura e li classifica raggruppandoli per tipi omogenei.<\/div>\n<p>&nbsp;<\/p>\n<div class=\"rvps0\">Voi potrete inserire a piacimento nella vostra mente subconscia qualsiasi progetto, pensiero o meta che desideriate tradurre nel suo equivalente conscio.<\/div>\n<p>&nbsp;<\/p>\n<div class=\"rvps0\">Il subconscio agisce meglio sui pensieri dominanti che siano stati mescolati ad emozioni e sentimenti come la fede o la fiducia.<\/div>\n<div>\u00a0<\/div>\n<div class=\"rvps0\"><span class=\"rvts24\"><b>UN LAVORATORE INSTANCABILE<\/b><\/span><\/div>\n<p>&nbsp;<\/p>\n<div class=\"rvps0\">La vostra mente subconscia lavora giorno e notte.<\/div>\n<p>&nbsp;<\/p>\n<div class=\"rvps0\">Attraverso un meccanismo tuttora sconosciuto, la mente subconscia prende la forza dall&#8217;Intelligenza Infinita, ed \u00e8 con questo potere che riesce a tramutare i desideri nel loro equivalente fisico, servendosi di ogni mezzo pratico per raggiungere questo obiettivo. Non potete controllare completamente la mente subconscia, ma potete certamente trasmetterle qualsiasi piano, desiderio od obiettivo desideriate veder trasformato in realt\u00e0 concreta.<\/div>\n<p>&nbsp;<\/p>\n<div class=\"rvps0\">Nessuno sa molto di ci\u00f2 che noi chiamiamo mente subconscia, o inconscia; ma, sappiamo che \u00e8 qualcosa di incredibilmente potente, e che pu\u00f2 risolvere i nostri problemi, se impariamo ad usarla nel modo giusto.<\/div>\n<p>&nbsp;<\/p>\n<div class=\"rvps0\">Il modo migliore \u00e8 di tenere nella mente conscia, il pi\u00f9 spesso possibile, una chiara immagine di voi stessi come se aveste gi\u00e0 raggiunto la vostra meta.<\/div>\n<p>&nbsp;<\/p>\n<div class=\"rvps0\">Voi sapete quello che volete, allora descrivetelo in modo chiaro, quindi proiettatelo sullo schermo della mente e&#8230; trattenetecelo.<\/div>\n<p>&nbsp;<\/p>\n<div class=\"rvps0\">Vedetevi fare e possedere le cose che avrete una volta raggiunto il vostro obiettivo.<\/div>\n<p>&nbsp;<\/p>\n<div class=\"rvps0\">Fate ci\u00f2 quanto pi\u00f9 spesso potete, fatelo mentre operate normalmente durante il lavoro; ma, in modo particolare fatelo la sera prima di andare a dormire e per prima cosa al mattino appena vi svegliate.<\/div>\n<p>&nbsp;<\/p>\n<div class=\"rvps0\">Quando farete questo, il vostro subconscio vi condurr\u00e0 verso l&#8217;obiettivo nel modo pi\u00f9 logico, voi dovete solo non ostacolarlo; seguite il vostro impulso e le idee che vi vengono in mente, rendendovi conto che \u00e8 appunto il vostro subconscio che lavora per farsi strada e cerca di giungere alla vostra mente conscia.<\/div>\n<div>\u00a0<\/div>\n<div class=\"rvps0\"><span class=\"rvts24\"><b>LE IDEE EMERGERANNO DAL NULLA<\/b><\/span><\/div>\n<p>&nbsp;<\/p>\n<div class=\"rvps0\">Se vi atterrete a queste indicazioni, rimarrete stupiti ed impressionati dalle meravigliose idee che sembreranno emergere dal nulla.<\/div>\n<p>&nbsp;<\/p>\n<div class=\"rvps0\">Questo &#8220;sesto senso&#8221; che sembra controllare la vita dei grandi uomini e delle grandi donne, questo sesto senso deriva dallo scatto di un dispositivo della mente subconscia.<\/div>\n<p>&nbsp;<\/p>\n<div class=\"rvps0\">La vita dei grandi uomini e delle grandi donne, che sembra da favola per le persone normali, non \u00e8 altro che la realizzazione dei loro desideri brucianti uniti al potere della mente subconscia.<\/div>\n<p>&nbsp;<\/p>\n<div class=\"rvps0\">Il tempo non ha nessun significato per il subconscio.<\/div>\n<p>&nbsp;<\/p>\n<div class=\"rvps0\">Un uomo potrebbe continuare a lavorare sodo per quarant&#8217;anni, e non riuscire a realizzare quanto invece gli sarebbe possibile in soli tre o quattro anni, mettendo per\u00f2 in atto questo principio in modo corretto.<\/div>\n<p>&nbsp;<\/p>\n<div class=\"rvps0\">La vostra mente subconscia non pu\u00f2 rimanere oziosa; se non vi inserirete dei vostri desideri, essa si nutrir\u00e0 dei pensieri e desideri che le perverranno da altre persone, e questo come risultato della vostra apatia.<\/div>\n<div>\u00a0<\/div>\n<div class=\"rvps0\"><span class=\"rvts24\"><b>NEGATIVO, O POSITIVO<\/b><\/span><\/div>\n<p>&nbsp;<\/p>\n<div class=\"rvps0\">Ricordate che voi vivete giornalmente in mezzo ad ogni sorta di impulsi di pensiero che raggiungono la mente subconscia a vostra insaputa.<\/div>\n<p>&nbsp;<\/p>\n<div class=\"rvps0\">Alcuni di questi impulsi sono negativi, altri positivi.<\/div>\n<p>&nbsp;<\/p>\n<div class=\"rvps0\">Ora siete impegnati nel tentativo di chiudere il flusso degli impulsi negativi, e di influenzare positivamente la vostra mente subconscia per mezzo dei vostri desideri, e quando vi sarete riusciti, vi troverete in possesso della chiave che spalanca la porta alla mente subconscia.<\/div>\n<p>&nbsp;<\/p>\n<div class=\"rvps0\">E&#8217; stato scritto:<\/div>\n<p>&nbsp;<\/p>\n<div class=\"rvps0\">&#8220;L&#8217;uomo che riuscir\u00e0 ad innalzarsi al di sopra dei suoi simili \u00e8 colui che, ragionevolmente presto nella sua vita, intraveder\u00e0 chiaramente la sua meta, e concentrer\u00e0 sempre tutti i suoi poteri su tale obiettivo. Perfino lo stesso genio non \u00e8 altro che buona osservazione, sostenuta da costanza di intenti. Ogni uomo che presta attenzione e decida con rapidit\u00e0 si trasforma inconsciamente in un genio&#8221;.<\/div>\n<div>\u00a0<\/div>\n<div>\u00a0<\/div>\n<div class=\"rvps1\"><a href=\"https:\/\/www.amadeux.net\/sublimen\/dossier\/coscienza_iceberg.jpg\" target=\"_blank\" rel=\"noopener\"><img loading=\"lazy\" decoding=\"async\" class=\"aligncenter\" title=\"coscienza iceberg incoscio preconscio subconscio karmashaya \" src=\"\/sublimen\/wp-content\/uploads\/coscienza_iceberg.jpg\" alt=\"coscienza iceberg incoscio preconscio subconscio karmashaya \" width=\"600\" height=\"840\" \/><\/a><\/div>\n<\/div>\n<\/div>\n<div class=\"rvps3\">\u00a0<\/div>\n<div>\u00a0<\/div>\n<div><span class=\"rvts168\">&#8220;Ogni persona ha la propria <\/span><span class=\"rvts168\"><b>soglia personale di percezione consapevole<\/b><\/span><span class=\"rvts168\">\u00a0che pu\u00f2 variare in base allo stile di vita, alle tendenze (Vasana), alle memorie latenti (Samskara), ai condizionamenti e al Karma personale (Sva-Karma). E&#8217; possibile variare questa soglia anche con alcune discipline olistiche di evoluzione personale come la meditazione, lo Yoga, la PNL, il Training Autogeno, l&#8217;Audioterapia e l&#8217;ascolto evolutivo ecc&#8230;<\/span><\/div>\n<div>\u00a0<\/div>\n<div>Le persone pi\u00f9 evolute e &#8220;illuminate&#8221; hanno maggiore accesso alle profondit\u00e0 dell&#8217;inconscio e ai relativi contenuti. Anche durante lo stato di sogno, con l&#8217;uso di sostanze psicotrope e in alcuni casi patologici si pu\u00f2 riscontrare un maggiore accesso all&#8217;inconscio (Karmashaya), con la differenza che le persone evolute riescono a controllare e gestire al meglio questi contenuti perch\u00e9 hanno la preparazione, le capacit\u00e0 e gli &#8220;strumenti&#8221; per farlo mentre negli altri casi le persone sono spesso in bal\u00eca dei contenuti stessi perch\u00e9 sono quasi sempre al di fuori della loro portata e quindi del loro controllo&#8221;.<\/div>\n<div>\n<div id=\"table_2\">\n<div class=\"rvps3\">\u00a0<\/div>\n<p>&nbsp;<\/p>\n<div class=\"rvps0\"><span class=\"rvts24\"><b>LA PAROLA CHIAVE E&#8217;&#8230; INCONSCIAMENTE<\/b><\/span><\/div>\n<p>&nbsp;<\/p>\n<div class=\"rvps0\">Siate certi di ci\u00f2 che volete, decidete una volta per tutte quello che sar\u00e0 vostro e, spinti dalla fede, mantenete la rotta con costanza: la vostra mente subconscia o inconscia far\u00e0 il resto.<\/div>\n<p>&nbsp;<\/p>\n<div class=\"rvps0\">La mente \u00e8 formata e interfacciata dal cervello e da tutto il nostro sistema nervoso, per cui comprende ogni cellula di noi stessi.<\/div>\n<p>&nbsp;<\/p>\n<div class=\"rvps0\">Consiste in un insieme di centri di conoscenza, nei quali ogni impulso di pensiero che perviene dai cinque sensi viene classificato e registrato, qualunque sia la natura di tali impulsi. Potete programmare tutto ci\u00f2 che volete, nella vostra mente, e cio\u00e8 pensieri o progetti che desiderate trasformare nel loro equivalente fisico.<\/div>\n<p>&nbsp;<\/p>\n<div class=\"rvps0\">La mente agisce meglio su quei desideri che siano stati abbinati ad emozioni, come la fiducia o la fede.<\/div>\n<p>&nbsp;<\/p>\n<div class=\"rvps0\">Tenete ben presente tutto questo, ricordando anche le istruzioni sul desiderio.<\/div>\n<p>&nbsp;<\/p>\n<div class=\"rvps0\">Oggi la nostra mente \u00e8 molto pi\u00f9 controllabile di prima, meglio ancora se \u00e8 aiutata da tecniche\u00a0<b>alfageniche<\/b>, cio\u00e8 agli esercizi effettuati in\u00a0<a class=\"rvts4\" href=\"https:\/\/www.amadeux.net\/sublimen\/dossier\/onde_cerebrali_e_risonanza.html\" target=\"_top\" rel=\"noopener\">onde alfa<\/a>.<\/div>\n<div class=\"rvps0\">(Vedi dinamica mentale del benessere e musica subliminale con induzioni e\u00a0<a class=\"rvts4\" href=\"https:\/\/www.amadeux.net\/sublimen\/articoli\/battimenti_binaurali_monaurali_e_stati_cerebrali_.html\" target=\"_top\" rel=\"noopener\">binaural beat<\/a>).<\/div>\n<p>&nbsp;<\/p>\n<div class=\"rvps0\">Le possibilit\u00e0 della nostra mente, vale a dire ci\u00f2 che essa pu\u00f2 compiere, sono stupende ed incommensurabilmente grandi; essa per\u00f2 ha bisogno di istruzioni chiare e dettagliate per permettere la trasformazione dei desideri in realt\u00e0.<\/div>\n<p>&nbsp;<\/p>\n<div class=\"rvps0\">Non scoraggiatevi mai; tenete presente che la mente ha bisogno di un certo tempo, in genere almeno quattro settimane, e di stimoli costantemente ripetuti per far suoi i nostri desideri pi\u00f9 profondi.<\/div>\n<p>&nbsp;<\/p>\n<div class=\"rvps0\">Inoltre, non dimenticate che la nostra mente non fa nessuna differenza tra pensieri positivi e negativi, e questa \u00e8 la ragione per cui vi \u00e8 stato cosi spesso detto di eliminare i pensieri negativi, le paure, il pessimismo, dando invece tutto lo spazio possibile ai pensieri positivi.<\/div>\n<p>&nbsp;<\/p>\n<div class=\"rvps0\">Se vi sar\u00e0 ben chiaro il funzionamento della vostra mente, avrete la chiave per realizzare ci\u00f2 che desiderate.<\/div>\n<p>&nbsp;<\/p>\n<div class=\"rvps0\">Tutto ci\u00f2 che l&#8217;uomo crea, inizia in forma di impulso di pensiero; niente pu\u00f2 essere creato se non \u00e8 stato prima pensato e, con l&#8217;aiuto dell&#8217;immaginazione, i pensieri possono essere riuniti in programmi.<\/div>\n<p>&nbsp;<\/p>\n<div class=\"rvps0\">Quando l&#8217;immaginazione \u00e8 sotto controllo pu\u00f2 esser usata per la creazioni di piani o progetti che ci portino al successo, cio\u00e8 al raggiungimento dei nostri fini.<\/div>\n<p>&nbsp;<\/p>\n<div class=\"rvps0\">Tutti gli impulsi del pensiero, programmati dalla mente e tendenti a trasformarsi in equivalente fisico, debbono passare per il tramite dell&#8217;immaginazione ed essere uniti alla fiducia.<\/div>\n<p>&nbsp;<\/p>\n<div class=\"rvps0\">E&#8217; indispensabile per\u00f2 che ci\u00f2 avvenga anche attraverso una &#8220;<b>emozionalizzazione<\/b>&#8221; dei pensieri, che dovr\u00e0 essere ovviamente positiva, ed in tale modo la mente risponder\u00e0 pi\u00f9 prontamente.<\/div>\n<p>&nbsp;<\/p>\n<div class=\"rvps0\">Vi daremo ora l&#8217;indicazione delle sette principali emozioni positive e di altrettante negative.<\/div>\n<p>&nbsp;<\/p>\n<div class=\"rvps0\">Le positive vanno inserite nella mente attraverso l&#8217;autosuggestione, mentre le negative lo fanno da sole, automaticamente, a meno ch\u00e9 non riusciate ad evitarle consapevolmente.<\/div>\n<p>&nbsp;<\/p>\n<div class=\"rvps0\">Se volete che la vostra mente vi segua, dovete capirne il linguaggio, ed usarlo in conformit\u00e0 alle caratteristiche della mente stessa; \u00e8 essenziale che afferriate bene questi concetti, in modo da poterle dare le opportune indicazioni in modo assolutamente chiaro.<\/div>\n<div>\u00a0<\/div>\n<div class=\"rvps0\"><b>Ecco le sette principali EMOZIONI POSITIVE:<\/b><\/div>\n<p>&nbsp;<\/p>\n<div class=\"rvps0\">1. DESIDERIO;<\/div>\n<p>&nbsp;<\/p>\n<div class=\"rvps0\">2. FEDE, o FIDUCIA;<\/div>\n<p>&nbsp;<\/p>\n<div class=\"rvps0\">3. AMORE, o AFFETTO;<\/div>\n<p>&nbsp;<\/p>\n<div class=\"rvps0\">4. SESSUALITA&#8217;;<\/div>\n<p>&nbsp;<\/p>\n<div class=\"rvps0\">5. ENTUSIASMO;<\/div>\n<p>&nbsp;<\/p>\n<div class=\"rvps0\">6. SENTIMENTO;<\/div>\n<p>&nbsp;<\/p>\n<div class=\"rvps0\">7. SPERANZA.<\/div>\n<div>\u00a0<\/div>\n<div class=\"rvps0\">Ve ne sono ovviamente altre, ma queste sono le pi\u00f9 potenti e debbono venir usate regolarmente per raggiungere i nostri obiettivi.<\/div>\n<p>&nbsp;<\/p>\n<div class=\"rvps0\">Controllate queste emozioni, tenetele sotto controllo tramite un continuo esercizio e vedrete che esse saranno pronte ad intervenire positivamente quando ve ne fosse necessit\u00e0.<\/div>\n<div>\u00a0<\/div>\n<div class=\"rvps0\"><b>Ed ecco ora le sette principali EMOZIONI NEGATIVE:<\/b><\/div>\n<p>&nbsp;<\/p>\n<div class=\"rvps0\">1. PAURA;<\/div>\n<p>&nbsp;<\/p>\n<div class=\"rvps0\">2. GELOSIA;<\/div>\n<p>&nbsp;<\/p>\n<div class=\"rvps0\">3. ODIO;<\/div>\n<p>&nbsp;<\/p>\n<div class=\"rvps0\">4. VENDETTA;<\/div>\n<p>&nbsp;<\/p>\n<div class=\"rvps0\">5. INGORDIGIA;<\/div>\n<p>&nbsp;<\/p>\n<div class=\"rvps0\">6. SUPERSTIZIONE;<\/div>\n<p>&nbsp;<\/p>\n<div class=\"rvps0\">7. RABBIA.<\/div>\n<div>\u00a0<\/div>\n<div class=\"rvps0\">La mente non pu\u00f2 lavorare contemporaneamente su una emozione positiva ed una negativa, \u00e8 pertanto chiaro che solo una delle due pu\u00f2 prevalere ed \u00e8 quindi responsabilit\u00e0 di ognuno che le emozioni positive costituiscano la parte predominante nella mente. Qui vi verr\u00e0 in aiuto la legge dell&#8217;abitudine; formatevi pertanto l&#8217;abitudine ad applicare ed usare le emozioni positive.<\/div>\n<p>&nbsp;<\/p>\n<div class=\"rvps0\">Esse potranno arrivare a controllare la vostra mente in modo cos\u00ec perfetto che le emozioni negative non potranno pi\u00f9 entrarvi. La presenza anche di una sola negativit\u00e0 \u00e8 sufficiente per distruggere tutte le possibilit\u00e0 di aiuto positivo che la vostra mente sarebbe in grado di darvi.<\/div>\n<p>&nbsp;<\/p>\n<div class=\"rvps0\">Ora sapete come essa funzioni, per quanto riguarda la realizzazione dei vostri desideri.<\/div>\n<p>&nbsp;<\/p>\n<div class=\"rvps0\">Non tener sempre presente tutto ci\u00f2 significa ridurre, se non annullare, ogni possibilit\u00e0 di successo.<\/div>\n<\/div>\n<\/div>\n<div>\u00a0<\/div>\n<div>\u00a0<\/div>\n","protected":false},"excerpt":{"rendered":"<p>&nbsp; La mente subconscia e inconscia \u00a0 Testi compilati e supervisionati da Alan Perz, Ph.D. \u00a0 \u00a0 La mente subconscia (inconscio) consta di un campo di coscienza in cui ogni impulso di pensiero (vritti) che raggiunga &hellip; <a class=\"kt-excerpt-readmore\" href=\"https:\/\/www.audioterapia.net\/sublimen\/dossier\/mente-subconscia-e-inconscia\/\" aria-label=\"Mente subconscia e inconscia\">Continua a leggere<\/a><\/p>\n","protected":false},"author":1,"featured_media":0,"parent":2935,"menu_order":0,"comment_status":"closed","ping_status":"closed","template":"","meta":{"_lmt_disableupdate":"","_lmt_disable":"","footnotes":""},"categories":[112],"tags":[],"class_list":["post-3988","page","type-page","status-publish","hentry","category-dossier"],"_links":{"self":[{"href":"https:\/\/www.audioterapia.net\/sublimen\/wp-json\/wp\/v2\/pages\/3988","targetHints":{"allow":["GET"]}}],"collection":[{"href":"https:\/\/www.audioterapia.net\/sublimen\/wp-json\/wp\/v2\/pages"}],"about":[{"href":"https:\/\/www.audioterapia.net\/sublimen\/wp-json\/wp\/v2\/types\/page"}],"author":[{"embeddable":true,"href":"https:\/\/www.audioterapia.net\/sublimen\/wp-json\/wp\/v2\/users\/1"}],"replies":[{"embeddable":true,"href":"https:\/\/www.audioterapia.net\/sublimen\/wp-json\/wp\/v2\/comments?post=3988"}],"version-history":[{"count":6,"href":"https:\/\/www.audioterapia.net\/sublimen\/wp-json\/wp\/v2\/pages\/3988\/revisions"}],"predecessor-version":[{"id":4914,"href":"https:\/\/www.audioterapia.net\/sublimen\/wp-json\/wp\/v2\/pages\/3988\/revisions\/4914"}],"up":[{"embeddable":true,"href":"https:\/\/www.audioterapia.net\/sublimen\/wp-json\/wp\/v2\/pages\/2935"}],"wp:attachment":[{"href":"https:\/\/www.audioterapia.net\/sublimen\/wp-json\/wp\/v2\/media?parent=3988"}],"wp:term":[{"taxonomy":"category","embeddable":true,"href":"https:\/\/www.audioterapia.net\/sublimen\/wp-json\/wp\/v2\/categories?post=3988"},{"taxonomy":"post_tag","embeddable":true,"href":"https:\/\/www.audioterapia.net\/sublimen\/wp-json\/wp\/v2\/tags?post=3988"}],"curies":[{"name":"wp","href":"https:\/\/api.w.org\/{rel}","templated":true}]}}